 -5*u = -q + 20. Calculate the highest common factor of 105 and q.
35
Suppose a = -0 + 2. Suppose 4*u - h - 28 = 0, -4*u - a + 10 = 4*h. What is the highest common divisor of 66 and u?
6
Let s = 843 + -767. Calculate the highest common divisor of 361 and s.
19
Suppose 10025 = 4*s - 5*t, -3*t + 7512 = -3*s + 6*s. Calculate the highest common factor of 15 and s.
15
Suppose g = 3*g - 34. Let h = -5 + g. What is the greatest common factor of h and 30?
6
Let z = -14 + 26. Suppose -304*v = -299*v - 3*l - 843, 0 = 2*v + l - 335. What is the greatest common factor of z and v?
12
Let l(d) = d**3 - 9*d**2 - 20*d - 21. Let v be l(11). What is the greatest common divisor of 2 and v?
1
Let b = 325 + -307. What is the greatest common divisor of 27 and b?
9
Let n(k) = 2*k**2 - 14*k - 4. Let t be n(10). Let g(i) = -i + 1 - 1 + 5 - i**3 + 2*i**3 + 3*i**2. Let h be g(-3). What is the greatest common factor of t and h?
8
Let g(u) = u**3 + 2*u**2 + 7*u - 5. Let f be g(3). Let h = 133 - f. What is the greatest common divisor of 8 and h?
8
Suppose 126 = n + 4*m, 413 = -12*n + 15*n + 5*m. What is the greatest common divisor of n and 219?
73
Let x(d) = -41*d**3 - d**2 + 7*d + 7. Let k be x(-1). Suppose -24 = -5*l + 56. Calculate the greatest common factor of l and k.
8
Let k be (-9 - 0)*3/(-3). Suppose -x + 72 = 7*x. Calculate the greatest common divisor of k and x.
9
Suppose 0 = -0*m - 5*m + 90. Let i be m*(-22)/4*-1. Suppose 77 = 8*a - 11. Calculate the highest common factor of a and i.
11
Let o = 55 + 418. What is the greatest common factor of 11 and o?
11
Let j be -78*((-1)/2)/(27/18). Calculate the greatest common factor of 286 and j.
26
Let b = -192 - -270. Calculate the highest common divisor of b and 26.
26
Let n(l) = -85*l - 15. Let t be n(-1). Calculate the greatest common divisor of t and 190.
10
Suppose -5*u + 2*u + 9 = 0. Suppose -23 + 11 = -u*t. Suppose 78 = t*n - 82. What is the highest common factor of 16 and n?
8
Let v(f) = -2*f**3 - 15*f**2 - 4*f + 39. Let s be v(-8). What is the highest common factor of 165 and s?
15
Let w = -166 + 256. Let j = -116 - -176. Suppose 0 = -0*z + 6*z - j. What is the highest common divisor of w and z?
10
Suppose -3*j = -6*j + 108. Suppose 0 = -5*o + 22 + 63. Suppose 4*y - o = 19. Calculate the greatest common divisor of j and y.
9
Suppose 3*r - 5 = 4. Let o(k) = 2*k**2 + 2. Let i be o(-3). Let d be ((-15)/(-10))/(2/i). Calculate the greatest common divisor of r and d.
3
Let g be (1 - 2) + (2 - -479). Calculate the highest common divisor of 64 and g.
32
Suppose 0 = 4*m - 8*w - 648, -2*m + 229 + 98 = -3*w. What is the highest common divisor of m and 144?
24
Let f be 2/(-9) + 2156/63. What is the greatest common divisor of 2482 and f?
34
Let b(s) = s + 11. Let n be b(-9). Suppose 2*h - 3*w - 40 = -w, 4*h - n*w - 70 = 0. What is the highest common factor of 45 and h?
15
Suppose -11 = -h - 4. Let v(l) be the first derivative of 7*l**2 - 23. Let b be v(4). What is the highest common factor of h and b?
7
Suppose -14 = -w - 4*j, -5*w - 2*j - 3*j + 145 = 0. Let z = -21889 + 21940. Calculate the highest common factor of z and w.
17
Let q be 149 + -3 - (-2 - (11 - 7)). Calculate the greatest common factor of q and 114.
38
Let t(c) = -c**2 - 3*c. Let s be t(0). Suppose s = -j - 8 + 58. Suppose 0 = -3*a + 2*a + 10. What is the greatest common divisor of a and j?
10
Suppose h - 2*a = -0*h + 99, 5*h + 4*a = 495. Let f = 41 + h. Suppose -4*l + 23 = 5*u - 237, -2*l - 5*u = -f. Calculate the greatest common factor of 12 and l.
12
Suppose -4*v - 8 = -20. Suppose -4*j + 2*j - 2*f = -44, 12 = -v*f. Calculate the highest common factor of j and 13.
13
Let o = 225 - 218. Calculate the greatest common factor of 7 and o.
7
Let s be (-2 + 1 - 1)*575/(-46). Let r(v) = -8*v - 54. Let b be r(-13). Calculate the highest common divisor of s and b.
25
Let l be (-12 + 3)*4/(-3). Suppose 11*w = 6*w - 20, -3*i + 4*w = -160. Calculate the greatest common divisor of l and i.
12
Let s(i) = -3*i**3 - 28*i**2 - 19*i + 26. Let z be s(-11). What is the greatest common factor of z and 12?
12
Let h(l) = -2*l - 37. Let b be h(-19). Let t be 28/1 - 3/b. What is the greatest common factor of t and 50?
25
Let f(g) = 14 - 4 + 31*g - 2. Let w be f(4). What is the greatest common divisor of w and 12?
12
Let i be -1 + 177/1 + 0. Let m = 242 - 198. Calculate the greatest common divisor of m and i.
44
Suppose 2*l = 92 - 24. Let z = l - -6. Let n be ((-14)/4 - -1)*-2. What is the greatest common divisor of z and n?
5
Suppose -26*h - 205 - 67 = -42*h. Suppose -5*f + 20 = -5*j, -f + 2*j = -1 - 4. Suppose -234 = -f*p + 327. What is the highest common factor of h and p?
17
Suppose -3*m + 8*m = 20. Suppose 4*x + y = 90, -4*y - 71 = -m*x + 29. Let l = x - 18. What is the highest common factor of l and 20?
5
Let a(s) = s**3 - 6*s**2 + s - 7. Let q be a(6). Let f be 5/q*126/(-30). What is the greatest common factor of 84 and f?
21
Suppose -66 + 416 = 14*j. What is the highest common divisor of 125 and j?
25
Let k = 20 - 0. Let a be 5/k + (-1)/4. Suppose a*j = -3*j + 39. What is the greatest common factor of j and 39?
13
Let h(j) = 46*j - 28. Let c be h(1). Calculate the greatest common factor of 1314 and c.
18
Let l = 2 + 28. Let x = -6 + l. Let k = x - -6. Calculate the highest common factor of k and 75.
15
Suppose 0 = 2*k + 10, 0 = 3*o - 4*k - 1523 + 489. What is the greatest common factor of 78 and o?
26
Suppose -t = -4*y - 0*y - 200, y = 2*t - 393. What is the highest common divisor of 14 and t?
14
Suppose 13*r - 2259 = -127. What is the greatest common divisor of r and 410?
82
Let b = -52 - -55. Suppose -g - 154 = -b*z, 220 = z + 3*z - 5*g. What is the highest common divisor of z and 50?
50
Suppose -k = -4 - 4. Let i be -36*((-12)/k + 1). Suppose -3*t = -5*t + i. What is the greatest common factor of 1 and t?
1
Suppose 0 = -6*f + 14*f - 392. Calculate the greatest common divisor of f and 28.
7
Suppose -6*i = 4*p - 3*i - 72, -2*p + 3*i = -36. Let k = 13 - 15. Let j be 74/(0 + 1) + k. Calculate the highest common divisor of p and j.
18
Let q(u) = -u**2 + 9*u - 2. Let g be q(6). Let w be 2*1/8 - (-1036)/g. What is the greatest common factor of w and 13?
13
Let n be (-7 - -3 - -6)*(-24)/(-6). Let i be (-2*3)/(3/(-2)). Calculate the greatest common divisor of i and n.
4
Let y = 7 + 31. Suppose -237 = -3*c - 6*t + 3*t, -2*c + 140 = -4*t. What is the greatest common factor of c and y?
38
Suppose 628 = 24*j - 1100. Calculate the greatest common factor of j and 64.
8
Suppose -5*t - 110 = 2*w - 7*w, -118 = -5*w + 3*t. Suppose 4*s - 170 = -w. Suppose -4*n - 4 = -s. Calculate the greatest common factor of 72 and n.
8
Let w = -100 - -102. Calculate the highest common divisor of w and 74.
2
Suppose 14*b + 106 = 162. Let l be 18 + 2 + -1 + 1. What is the greatest common divisor of b and l?
4
Let q = -48 + 72. Let y be 2 + (-3 - 1 - -3) + 7. What is the greatest common factor of q and y?
8
Let c be 5/2*(-24)/(-30). Let u = 270 - 182. Suppose -h - u = -5*h. Calculate the greatest common factor of c and h.
2
Suppose 3*j + 99 = 3*n, 161 = 5*n - 0*n - 3*j. Let t be (n - 1)*1/2. Suppose -2*g = -3*g + t. What is the greatest common divisor of 15 and g?
15
Let b = -3 - -2. Suppose 31 = 4*o - 3*k, 3*o - 5*k + 0 = 15. Let q be o + (-2 + b - -1). What is the highest common divisor of 24 and q?
8
Suppose 61*p - 70*p + 1080 = 0. Calculate the highest common divisor of 312 and p.
24
Let m(h) = -3*h - 1. Let z be m(-2). Let k = 37 - 38. Let p be -1*(-4)/k - (-18 + 9). Calculate the greatest common divisor of p and z.
5
Let j(g) = -g**3 + 6*g**2 + 7*g - 9. Let o be j(6). Calculate the greatest common divisor of 22 and o.
11
Let r(j) = 6*j - 2. Let i be r(-7). Let n be 87/(-17) + 16/136. Let p be i*(-3 + n/2). What is the greatest common factor of 22 and p?
22
Let k(w) = 8*w**2 + 3*w + 1. Let n be k(-2). Suppose -3*x + 38 + 12 = m, -4*m = x - 13. Let u = -14 + x. What is the highest common factor of n and u?
3
Let z = -690 + 692. Let m be 3*(14/6 - -1). Calculate the highest common divisor of m and z.
2
Suppose 0 = 5*d - 10*d + 25. Let b be 58 + (d - 1/((-1)/(-3))). Calculate the greatest common divisor of b and 24.
12
Let n(z) = -z + 3*z + 3*z. Let g be n(4). Suppose 5*j - 118 + 3 = -4*h, 4*j = -4. Cal